en s(g) is divided by 17?
15
Let d(o) = -o + 38. Calculate the remainder when d(-12) is divided by 13.
11
Let p(y) = y**2 - 4*y + 5. Calculate the remainder when p(3) is divided by 1.
0
Let q be -2 - 2/2 - -7. Let v(s) = s - 4. Let z be v(q). Suppose -3*b + 6*b - 210 = z. Calculate the remainder when b is divided by 24.
22
Suppose k = j + 4*j + 174, -15 = 3*j. Let s be 1/3 - k/(-3). Suppose -i = 5*f - 35, 0*i - 4*f + s = 3*i. What is the remainder when 29 is divided by i?
9
Suppose v - 12 = -u, 5*v + 55 = 5*u + 15. Suppose -4*f + 5*b = -134 + u, 0 = 2*f - 4*b - 62. What is the remainder when f is divided by 8?
7
Suppose 2*t - 3 = 21. Calculate the remainder when t is divided by 7 + (-1)/1*-1.
4
Suppose 0 = 2*z - 2*c - 22, -8*c - 34 = -3*z - 4*c. Suppose 5 = -5*t + 4*t, 0 = -5*j - 3*t + 70. What is the remainder when j is divided by z?
7
Suppose 16 = -4*o, -4*s + 3*s + 2*o = -6. What is the remainder when 6 + (34 - 4) + 4 is divided by 0/(-1) - 28/s?
12
Let v(q) = -q**2 + 4*q + 5. Let o be v(6). Let j = -2 - o. Suppose 0*k = k - 5*r - 23, 0 = -4*k - j*r + 92. Calculate the remainder when k is divided by 8.
7
Let x(n) = 3*n - n - n**2 + 6 - 8*n. Calculate the remainder when 9 is divided by x(-6).
3
Let w = -7 + 2. Calculate the remainder when ((-44)/(-10))/(w/(-25)) is divided by ((-30)/(-3) - -3) + -1.
10
Let u = 1 + -1. Suppose -2*s + 33 - 1 = u. Let m(r) = 8*r + 7. What is the remainder when m(5) is divided by s?
15
Suppose -4*h + 268 = -2*z, 4*h - 214 = 3*z + 50. Calculate the remainder when h is divided by 37.
32
Let f = 11 - 9. Let k(o) be the second derivative of -o**4/12 + o**3 + o**2 + 2*o. Calculate the remainder when k(6) is divided by f.
0
Let r = 20 + -17. Suppose 0*u - 42 = -r*u. What is the remainder when u is divided by 4?
2
Let g = 169 - 98. Calculate the remainder when g is divided by 2 - (2 + -16 + -2).
17
Let u(t) = -2*t - 6. Suppose 0 = -2*p - 2*p + 3*a + 18, 0 = p + 2*a - 10. Let v = p - 13. Calculate the remainder when 15 is divided by u(v).
7
Suppose -3*y = -4*y - 4. Let w = 0 - y. Suppose -l - 24 = -5*k, 0 = -l - 0*l - w. What is the remainder when 11 is divided by k?
3
Let q = -64 + 117. Let d(b) = -b**2 - 6*b - 5. Let s be d(-4). Let z(f) = f**3 - 3*f. Calculate the remainder when q is divided by z(s).
17
Suppose 0 = 4*v - 8*v + 40. Calculate the remainder when v is divided by 6.
4
Suppose -5*i = 2*r - 20, 4 = r - 5*i - 6. What is the remainder when 49 is divided by r?
9
Let f(r) = 2*r**2 - 3*r. Let v = 25 + -9. Suppose -5*j - 3*q = -48, -2*j + v = j + 5*q. What is the remainder when f(5) is divided by j?
11
Let j(q) be the first derivative of q**2 + 5. What is the remainder when j(3) is divided by 2?
0
Suppose -r + 4*f + 22 = 0, 2*f + 8 + 0 = 0. Calculate the remainder when 20 is divided by 3/(r - 3) + 10.
9
Suppose 113 = 4*i - 3*p, -19 - 102 = -5*i - 3*p. Calculate the remainder when i is divided by 9.
8
Let w be 6/(-24) - 310/8. Let a = -5 - w. What is the remainder when a is divided by 12?
10
Let n(f) = 2*f - 7. Calculate the remainder when 34 is divided by n(8).
7
Let u = -23 - -16. Let w = u + 13. What is the remainder when 10 is divided by w?
4
Let b(w) = 5*w - 1. Let l be b(1). Suppose -h = -l*h + 33. What is the remainder when 31 is divided by h?
9
Calculate the remainder when (-2 - -1)*(-62 - 13) is divided by 40.
35
Suppose -5*c + 3*c + 2 = 0. What is the remainder when 3 is divided by c?
0
Suppose 4*b = 3*s - 58, 5*b + 70 + 7 = 4*s. Suppose -28 = -4*n - 4*j, -j + 8 = 2*n + 3*j. What is the remainder when s is divided by n?
8
Let w be (-180)/(-5)*4/(-3). Let y = w + 107. Calculate the remainder when y is divided by 20.
19
Suppose 5*f + 115 = 4*m, -4*f + 0*f - 62 = -2*m. Let c(o) = o + 4. Calculate the remainder when m is divided by c(9).
12
Suppose d = -3*d + 12. Suppose v - 128 = -d*v + 4*s, 0 = v - 2*s - 31. Calculate the remainder when v*(-2)/12*-4 is divided by 8.
6
Let l = 145 - 96. Calculate the remainder when l is divided by 9.
4
Suppose 3*v = 15 + 3. Let n be (0 - -3)*(-3)/9. Calculate the remainder when 14 - ((-2 - -6) + n) is divided by v.
5
Let y = -139 - -239. Suppose -5*m = 5 + 5, -5*n + 2*m - 326 = 0. Let j = y + n. Calculate the remainder when j is divided by 12.
10
Suppose 5*i - 77 = 4*i. What is the remainder when i is divided by 26?
25
Suppose -3*h + 4*p + 1 = 0, -3 - 2 = -p. Let f(l) be the first derivative of l**3/3 + 4*l - 4. Calculate the remainder when f(4) is divided by h.
6
Let m = -194 - -281. What is the remainder when m is divided by 15?
12
Suppose -4*m - 20 = -3*g + 56, 75 = 3*g - 3*m. Let p = 9 + -5. Suppose -5*c - 67 = -p*f, -13 = -2*f - 5*c - 2. Calculate the remainder when g is divided by f.
11
Suppose 0 = -s + 3*s. Suppose s = 2*v - 6*v + 108. What is the remainder when v is divided by 15?
12
Suppose 51 = 4*y - 13. Suppose 200*i - 190*i - 90 = 0. What is the remainder when y is divided by i?
7
Let d(h) = -h**3 - 2*h**2 + h - 1. Let p be d(-3). Suppose p*w = 2*w + 69. Calculate the remainder when w is divided by 8.
7
Let i be (-2 + 3)*(-2 - 0). Let v(u) = -5*u. Let o(c) = 6*c**2 - 4*c - 3. Calculate the remainder when o(-2) is divided by v(i).
9
Suppose -t - 10 = -a - 1, 3*a - t = 17. Calculate the remainder when (a/3)/(18/81) is divided by 2.
0
Let l(a) = -a**2 + 18*a + 6. What is the remainder when l(10) is divided by 11?
9
Suppose 80 = w + 4*w. What is the remainder when 29 is divided by (-4)/w + 82/8?
9
Suppose 0 = -3*l - 2*h + 25, 2*h - 7*h + 24 = 2*l. Suppose -4*o - l = 1. Let y(x) = 3*x**2 + x + 1. Calculate the remainder when y(o) is divided by 7.
4
Let v(m) = -3*m**2 + 6*m - 5. Let d(n) = -n**2 + n - 1. Let o(b) = -2*d(b) + v(b). Let z be o(4). What is the remainder when 1/((z/35)/(-3)) is divided by 18?
17
Suppose 3*p + 5*w + 5 = 0, 0*p + 4*p - 3*w = 32. Suppose -p*i + 52 = -4*u + 2*u, 5*u - 8 = i. Calculate the remainder when i is divided by 7.
5
Let t(o) be the third derivative of -o**4/24 - o**3/3 - o**2. Let r be t(-4). Suppose -2*l - r*l = -32. What is the remainder when 13 is divided by l?
5
Let w(x) = 11*x**2 - 4*x - 7. What is the remainder when 223 is divided by w(-2)?
43
Calculate the remainder when 14 is divided by 18/(6/(-4 + 7)).
5
Suppose 2*l + 4*c - 12 = 0, 0 = -4*l - 3*c - 2 + 11. Suppose -2*f = -l*f - 8. Suppose -7 = -d + 4. What is the remainder when d is divided by f?
3
Let i = 7 - 13. Let s(t) = -t**2 - 7*t + 4. Calculate the remainder when 18 is divided by s(i).
8
Let l(d) = 0*d - 6*d**2 + 13*d**2 + 1 + 0*d - d**3. Suppose 4 = 4*x - 0*x. Calculate the remainder when l(7) is divided by x.
0
Let d = 23 + -14. Let h be 1/(-1 + (-3)/(-2)). Suppose -2*x + 68 = h*x. Calculate the remainder when x is divided by d.
8
Suppose -j + 16 = 3*v, 5*j - 7 - 31 = -v. What is the remainder when 16/(-2)*80/(-32) is divided by j?
6
Suppose 136 = -i + 5*i + 4*c, -5*c + 94 = 3*i. What is the remainder when i is divided by 8?
6
Let v(f) be the first derivative of 7*f**2/2 + 2*f + 6. Calculate the remainder when v(3) is divided by 14.
9
Suppose -4*b - 4 = -36. Let c be ((-2)/6 + 2)*9. Calculate the remainder when (-327)/(-15) - (-3)/c is divided by b.
6
Let f(t) = 2*t**2 - 13*t + 12. Calculate the remainder when 8 is divided by f(6).
2
Let q(y) = -y**3 + 7*y**2 + 2*y - 10. Suppose -1 + 10 = 5*f - 2*n, -9 = 2*f - 5*n. Calculate the remainder when q(7) is divided by f.
1
Suppose -5*o + 3*k = -86, 0*o + 4*k - 8 = -o. Let d(l) = -2*l**3 - 2*l**2 + 3*l + 4. Calculate the remainder when d(-3) is divided by o.
15
Let q(h) = -h**2 - 3*h - 7. Let s(o) = 1. Let t(z) = -q(z) - 5*s(z). Calculate the remainder when 9 - 2*2/(-4) is divided by t(-4).
4
Let s = -22 + 36. Calculate the remainder when 27 is divided by s.
13
Suppose -98*w = -99*w + 17. Calculate the remainder when 79 is divided by w.
11
Let o(b) = -b**2 - 14*b - 7. Let w = -6 - 1. What is the remainder when o(w) is divided by 15?
12
What is the remainder when (78/(-90) - -1) + 2278/15 is divided by 31?
28
What is the remainder when ((-4)/6)/((-30)/405) is divided by 4/5*(2 + 3)?
1
Suppose -2*t + 136 = 6*t. What is the remainder when 66 is divided by t?
15
Suppose -22 = -3*i - 5*k, 3*i + 4*k - 17 = 3. Suppose -3*h + 2*y = -6, i*y + 1 = 4*h - y. What is the remainder when 13 is divided by h?
1
Suppose 2*f - 78 = 68. L